{"id":3554,"date":"2023-03-17T11:07:45","date_gmt":"2023-03-17T11:07:45","guid":{"rendered":"https:\/\/ghallab-technology.com\/?page_id=3554"},"modified":"2023-03-21T00:02:37","modified_gmt":"2023-03-21T00:02:37","slug":"spektrum","status":"publish","type":"page","link":"https:\/\/ghallab-technology.com\/?page_id=3554","title":{"rendered":"Spektrum"},"content":{"rendered":"\t\t<div data-elementor-type=\"wp-page\" data-elementor-id=\"3554\" class=\"elementor elementor-3554\">\n\t\t\t\t\t\t<section class=\"elementor-section elementor-top-section elementor-element elementor-element-8ac19f1 elementor-section-boxed elementor-section-height-default elementor-section-height-default\" data-id=\"8ac19f1\" data-element_type=\"section\">\n\t\t\t\t\t\t<div class=\"elementor-container elementor-column-gap-default\">\n\t\t\t\t\t<div class=\"elementor-column elementor-col-100 elementor-top-column elementor-element elementor-element-3632d97\" data-id=\"3632d97\" data-element_type=\"column\">\n\t\t\t<div class=\"elementor-widget-wrap elementor-element-populated\">\n\t\t\t\t\t\t<div class=\"elementor-element elementor-element-3f7ba21 elementor-widget elementor-widget-text-editor\" data-id=\"3f7ba21\" data-element_type=\"widget\" data-widget_type=\"text-editor.default\">\n\t\t\t\t<div class=\"elementor-widget-container\">\n\t\t\t<style>\/*! elementor - v3.21.0 - 25-04-2024 *\/\n.elementor-widget-text-editor.elementor-drop-cap-view-stacked .elementor-drop-cap{background-color:#69727d;color:#fff}.elementor-widget-text-editor.elementor-drop-cap-view-framed .elementor-drop-cap{color:#69727d;border:3px solid;background-color:transparent}.elementor-widget-text-editor:not(.elementor-drop-cap-view-default) .elementor-drop-cap{margin-top:8px}.elementor-widget-text-editor:not(.elementor-drop-cap-view-default) .elementor-drop-cap-letter{width:1em;height:1em}.elementor-widget-text-editor .elementor-drop-cap{float:left;text-align:center;line-height:1;font-size:50px}.elementor-widget-text-editor .elementor-drop-cap-letter{display:inline-block}<\/style>\t\t\t\t<p>Wir verf\u00fcgen \u00fcber Vielzahl an industrieller Projektreferenzen in den Bereichen wie Sondermaschinenbau, Schwei\u00dftechnik und Metallbau. Unser fachkompetentes Team verfolgt stets neue Herausforderungen und realisiert die unterschiedlichsten Projekte fachgerecht und in Zeitplan.<\/p>\t\t\t\t\t\t<\/div>\n\t\t\t\t<\/div>\n\t\t\t\t\t<\/div>\n\t\t<\/div>\n\t\t\t\t\t<\/div>\n\t\t<\/section>\n\t\t\t\t<section class=\"elementor-section elementor-top-section elementor-element elementor-element-dcdfa34 elementor-section-boxed elementor-section-height-default elementor-section-height-default\" data-id=\"dcdfa34\" data-element_type=\"section\">\n\t\t\t\t\t\t<div class=\"elementor-container elementor-column-gap-default\">\n\t\t\t\t\t<div class=\"elementor-column elementor-col-50 elementor-top-column elementor-element elementor-element-b2b84a5\" data-id=\"b2b84a5\" data-element_type=\"column\">\n\t\t\t<div class=\"elementor-widget-wrap elementor-element-populated\">\n\t\t\t\t\t\t<div class=\"elementor-element elementor-element-657b726 elementor-widget elementor-widget-heading\" data-id=\"657b726\" data-element_type=\"widget\" data-widget_type=\"heading.default\">\n\t\t\t\t<div class=\"elementor-widget-container\">\n\t\t\t<style>\/*! elementor - v3.21.0 - 25-04-2024 *\/\n.elementor-heading-title{padding:0;margin:0;line-height:1}.elementor-widget-heading .elementor-heading-title[class*=elementor-size-]>a{color:inherit;font-size:inherit;line-height:inherit}.elementor-widget-heading .elementor-heading-title.elementor-size-small{font-size:15px}.elementor-widget-heading .elementor-heading-title.elementor-size-medium{font-size:19px}.elementor-widget-heading .elementor-heading-title.elementor-size-large{font-size:29px}.elementor-widget-heading .elementor-heading-title.elementor-size-xl{font-size:39px}.elementor-widget-heading .elementor-heading-title.elementor-size-xxl{font-size:59px}<\/style><h1 class=\"elementor-heading-title elementor-size-default\">Maschinen- und Anlagenbau<\/h1>\t\t<\/div>\n\t\t\t\t<\/div>\n\t\t\t\t<div class=\"elementor-element elementor-element-1088bf2 elementor-widget elementor-widget-text-editor\" data-id=\"1088bf2\" data-element_type=\"widget\" data-widget_type=\"text-editor.default\">\n\t\t\t\t<div class=\"elementor-widget-container\">\n\t\t\t\t\t\t\t<p>Als Entwickler und Hersteller von industriellen Anlagen und Sondermaschinen stehen als zuverl\u00e4ssiger Partner an der Seite unseren Kunden und schaffen somit Pr\u00e4zision und Innovation sachgem\u00e4\u00df nach Kundenwunsch und nach den einschl\u00e4gigen Normen und gesetzlichen Bestimmungen.<\/p><p>Wie zum Beispiel Montagegreifer, Peristaltik-Pumpen, Schaumbetonmischer und\/oder Magnetf\u00f6rderb\u00e4nder werden nach eigener Entwicklungen und Produktion f\u00fcr jeden Kunden und nach seiner Anforderung angepasst und gefertigt und das alles aus einer Hand und in einem Standort.\u00a0<\/p>\t\t\t\t\t\t<\/div>\n\t\t\t\t<\/div>\n\t\t\t\t\t<\/div>\n\t\t<\/div>\n\t\t\t\t<div class=\"elementor-column elementor-col-50 elementor-top-column elementor-element elementor-element-cc38786\" data-id=\"cc38786\" data-element_type=\"column\">\n\t\t\t<div class=\"elementor-widget-wrap elementor-element-populated\">\n\t\t\t\t\t\t<div class=\"elementor-element elementor-element-59fb2a0 elementor-invisible elementor-widget elementor-widget-image\" data-id=\"59fb2a0\" data-element_type=\"widget\" data-settings=\"{&quot;_animation&quot;:&quot;fadeInRight&quot;}\" data-widget_type=\"image.default\">\n\t\t\t\t<div class=\"elementor-widget-container\">\n\t\t\t<style>\/*! elementor - v3.21.0 - 25-04-2024 *\/\n.elementor-widget-image{text-align:center}.elementor-widget-image a{display:inline-block}.elementor-widget-image a img[src$=\".svg\"]{width:48px}.elementor-widget-image img{vertical-align:middle;display:inline-block}<\/style>\t\t\t\t\t\t\t\t\t\t<img fetchpriority=\"high\" decoding=\"async\" width=\"1024\" height=\"1024\" src=\"https:\/\/ghallab-technology.com\/wp-content\/uploads\/2023\/03\/Untitled-1-1024x1024.png\" class=\"attachment-large size-large wp-image-3630\" alt=\"\" srcset=\"https:\/\/ghallab-technology.com\/wp-content\/uploads\/2023\/03\/Untitled-1-1024x1024.png 1024w, https:\/\/ghallab-technology.com\/wp-content\/uploads\/2023\/03\/Untitled-1-300x300.png 300w, https:\/\/ghallab-technology.com\/wp-content\/uploads\/2023\/03\/Untitled-1-150x150.png 150w, https:\/\/ghallab-technology.com\/wp-content\/uploads\/2023\/03\/Untitled-1-768x768.png 768w, https:\/\/ghallab-technology.com\/wp-content\/uploads\/2023\/03\/Untitled-1-1536x1536.png 1536w, https:\/\/ghallab-technology.com\/wp-content\/uploads\/2023\/03\/Untitled-1-600x600.png 600w, https:\/\/ghallab-technology.com\/wp-content\/uploads\/2023\/03\/Untitled-1.png 1765w\" sizes=\"(max-width: 1024px) 100vw, 1024px\" \/>\t\t\t\t\t\t\t\t\t\t\t\t\t<\/div>\n\t\t\t\t<\/div>\n\t\t\t\t\t<\/div>\n\t\t<\/div>\n\t\t\t\t\t<\/div>\n\t\t<\/section>\n\t\t\t\t<section class=\"elementor-section elementor-top-section elementor-element elementor-element-a9fe0cf elementor-section-boxed elementor-section-height-default elementor-section-height-default\" data-id=\"a9fe0cf\" data-element_type=\"section\">\n\t\t\t\t\t\t<div class=\"elementor-container elementor-column-gap-default\">\n\t\t\t\t\t<div class=\"elementor-column elementor-col-100 elementor-top-column elementor-element elementor-element-dfbeda3\" data-id=\"dfbeda3\" data-element_type=\"column\">\n\t\t\t<div class=\"elementor-widget-wrap\">\n\t\t\t\t\t\t\t<\/div>\n\t\t<\/div>\n\t\t\t\t\t<\/div>\n\t\t<\/section>\n\t\t\t\t<section class=\"elementor-section elementor-top-section elementor-element elementor-element-990f518 elementor-section-boxed elementor-section-height-default elementor-section-height-default\" data-id=\"990f518\" data-element_type=\"section\">\n\t\t\t\t\t\t<div class=\"elementor-container elementor-column-gap-default\">\n\t\t\t\t\t<div class=\"elementor-column elementor-col-100 elementor-top-column elementor-element elementor-element-7551fa4\" data-id=\"7551fa4\" data-element_type=\"column\">\n\t\t\t<div class=\"elementor-widget-wrap elementor-element-populated\">\n\t\t\t\t\t\t<div class=\"elementor-element elementor-element-b695a78 elementor-widget elementor-widget-spacer\" data-id=\"b695a78\" data-element_type=\"widget\" data-widget_type=\"spacer.default\">\n\t\t\t\t<div class=\"elementor-widget-container\">\n\t\t\t<style>\/*! elementor - v3.21.0 - 25-04-2024 *\/\n.elementor-column .elementor-spacer-inner{height:var(--spacer-size)}.e-con{--container-widget-width:100%}.e-con-inner>.elementor-widget-spacer,.e-con>.elementor-widget-spacer{width:var(--container-widget-width,var(--spacer-size));--align-self:var(--container-widget-align-self,initial);--flex-shrink:0}.e-con-inner>.elementor-widget-spacer>.elementor-widget-container,.e-con>.elementor-widget-spacer>.elementor-widget-container{height:100%;width:100%}.e-con-inner>.elementor-widget-spacer>.elementor-widget-container>.elementor-spacer,.e-con>.elementor-widget-spacer>.elementor-widget-container>.elementor-spacer{height:100%}.e-con-inner>.elementor-widget-spacer>.elementor-widget-container>.elementor-spacer>.elementor-spacer-inner,.e-con>.elementor-widget-spacer>.elementor-widget-container>.elementor-spacer>.elementor-spacer-inner{height:var(--container-widget-height,var(--spacer-size))}.e-con-inner>.elementor-widget-spacer.elementor-widget-empty,.e-con>.elementor-widget-spacer.elementor-widget-empty{position:relative;min-height:22px;min-width:22px}.e-con-inner>.elementor-widget-spacer.elementor-widget-empty .elementor-widget-empty-icon,.e-con>.elementor-widget-spacer.elementor-widget-empty .elementor-widget-empty-icon{position:absolute;top:0;bottom:0;left:0;right:0;margin:auto;padding:0;width:22px;height:22px}<\/style>\t\t<div class=\"elementor-spacer\">\n\t\t\t<div class=\"elementor-spacer-inner\"><\/div>\n\t\t<\/div>\n\t\t\t\t<\/div>\n\t\t\t\t<\/div>\n\t\t\t\t\t<\/div>\n\t\t<\/div>\n\t\t\t\t\t<\/div>\n\t\t<\/section>\n\t\t\t\t<section class=\"elementor-section elementor-top-section elementor-element elementor-element-d749b01 elementor-section-boxed elementor-section-height-default elementor-section-height-default\" data-id=\"d749b01\" data-element_type=\"section\">\n\t\t\t\t\t\t<div class=\"elementor-container elementor-column-gap-default\">\n\t\t\t\t\t<div class=\"elementor-column elementor-col-50 elementor-top-column elementor-element elementor-element-99c1acc\" data-id=\"99c1acc\" data-element_type=\"column\">\n\t\t\t<div class=\"elementor-widget-wrap elementor-element-populated\">\n\t\t\t\t\t\t<div class=\"elementor-element elementor-element-3400222 elementor-widget elementor-widget-image\" data-id=\"3400222\" data-element_type=\"widget\" data-widget_type=\"image.default\">\n\t\t\t\t<div class=\"elementor-widget-container\">\n\t\t\t\t\t\t\t\t\t\t\t\t\t<img decoding=\"async\" width=\"1024\" height=\"683\" data-src=\"https:\/\/ghallab-technology.com\/wp-content\/uploads\/2023\/03\/welder-673559-1024x683.jpg\" class=\"attachment-large size-large wp-image-3563 lazyload\" alt=\"\" data-srcset=\"https:\/\/ghallab-technology.com\/wp-content\/uploads\/2023\/03\/welder-673559-1024x683.jpg 1024w, https:\/\/ghallab-technology.com\/wp-content\/uploads\/2023\/03\/welder-673559-300x200.jpg 300w, https:\/\/ghallab-technology.com\/wp-content\/uploads\/2023\/03\/welder-673559-768x512.jpg 768w, https:\/\/ghallab-technology.com\/wp-content\/uploads\/2023\/03\/welder-673559-1536x1024.jpg 1536w, https:\/\/ghallab-technology.com\/wp-content\/uploads\/2023\/03\/welder-673559-2048x1365.jpg 2048w\" data-sizes=\"(max-width: 1024px) 100vw, 1024px\" src=\"data:image\/gif;base64,R0lGODlhAQABAAAAACH5BAEKAAEALAAAAAABAAEAAAICTAEAOw==\" style=\"--smush-placeholder-width: 1024px; --smush-placeholder-aspect-ratio: 1024\/683;\" \/><noscript><img decoding=\"async\" width=\"1024\" height=\"683\" src=\"https:\/\/ghallab-technology.com\/wp-content\/uploads\/2023\/03\/welder-673559-1024x683.jpg\" class=\"attachment-large size-large wp-image-3563\" alt=\"\" srcset=\"https:\/\/ghallab-technology.com\/wp-content\/uploads\/2023\/03\/welder-673559-1024x683.jpg 1024w, https:\/\/ghallab-technology.com\/wp-content\/uploads\/2023\/03\/welder-673559-300x200.jpg 300w, https:\/\/ghallab-technology.com\/wp-content\/uploads\/2023\/03\/welder-673559-768x512.jpg 768w, https:\/\/ghallab-technology.com\/wp-content\/uploads\/2023\/03\/welder-673559-1536x1024.jpg 1536w, https:\/\/ghallab-technology.com\/wp-content\/uploads\/2023\/03\/welder-673559-2048x1365.jpg 2048w\" sizes=\"(max-width: 1024px) 100vw, 1024px\" \/><\/noscript>\t\t\t\t\t\t\t\t\t\t\t\t\t<\/div>\n\t\t\t\t<\/div>\n\t\t\t\t\t<\/div>\n\t\t<\/div>\n\t\t\t\t<div class=\"elementor-column elementor-col-50 elementor-top-column elementor-element elementor-element-316d4d4\" data-id=\"316d4d4\" data-element_type=\"column\">\n\t\t\t<div class=\"elementor-widget-wrap elementor-element-populated\">\n\t\t\t\t\t\t<div class=\"elementor-element elementor-element-ee919b3 elementor-widget elementor-widget-heading\" data-id=\"ee919b3\" data-element_type=\"widget\" data-widget_type=\"heading.default\">\n\t\t\t\t<div class=\"elementor-widget-container\">\n\t\t\t<h1 class=\"elementor-heading-title elementor-size-default\">Metallbau und Schwei\u00dfkonstruktion<\/h1>\t\t<\/div>\n\t\t\t\t<\/div>\n\t\t\t\t<div class=\"elementor-element elementor-element-03bfc3c elementor-widget elementor-widget-text-editor\" data-id=\"03bfc3c\" data-element_type=\"widget\" data-widget_type=\"text-editor.default\">\n\t\t\t\t<div class=\"elementor-widget-container\">\n\t\t\t\t\t\t\t<p>.<\/p>\t\t\t\t\t\t<\/div>\n\t\t\t\t<\/div>\n\t\t\t\t\t<\/div>\n\t\t<\/div>\n\t\t\t\t\t<\/div>\n\t\t<\/section>\n\t\t\t\t<section class=\"elementor-section elementor-top-section elementor-element elementor-element-1f6fa2b elementor-section-boxed elementor-section-height-default elementor-section-height-default\" data-id=\"1f6fa2b\" data-element_type=\"section\">\n\t\t\t\t\t\t<div class=\"elementor-container elementor-column-gap-default\">\n\t\t\t\t\t<div class=\"elementor-column elementor-col-100 elementor-top-column elementor-element elementor-element-b1a9277\" data-id=\"b1a9277\" data-element_type=\"column\">\n\t\t\t<div class=\"elementor-widget-wrap\">\n\t\t\t\t\t\t\t<\/div>\n\t\t<\/div>\n\t\t\t\t\t<\/div>\n\t\t<\/section>\n\t\t\t\t<section class=\"elementor-section elementor-top-section elementor-element elementor-element-2d7924b elementor-section-boxed elementor-section-height-default elementor-section-height-default\" data-id=\"2d7924b\" data-element_type=\"section\">\n\t\t\t\t\t\t<div class=\"elementor-container elementor-column-gap-default\">\n\t\t\t\t\t<div class=\"elementor-column elementor-col-100 elementor-top-column elementor-element elementor-element-424abe1\" data-id=\"424abe1\" data-element_type=\"column\">\n\t\t\t<div class=\"elementor-widget-wrap elementor-element-populated\">\n\t\t\t\t\t\t<div class=\"elementor-element elementor-element-6b4f6e0 elementor-widget elementor-widget-spacer\" data-id=\"6b4f6e0\" data-element_type=\"widget\" data-widget_type=\"spacer.default\">\n\t\t\t\t<div class=\"elementor-widget-container\">\n\t\t\t\t\t<div class=\"elementor-spacer\">\n\t\t\t<div class=\"elementor-spacer-inner\"><\/div>\n\t\t<\/div>\n\t\t\t\t<\/div>\n\t\t\t\t<\/div>\n\t\t\t\t\t<\/div>\n\t\t<\/div>\n\t\t\t\t\t<\/div>\n\t\t<\/section>\n\t\t\t\t<section class=\"elementor-section elementor-top-section elementor-element elementor-element-7d90292 elementor-section-boxed elementor-section-height-default elementor-section-height-default\" data-id=\"7d90292\" data-element_type=\"section\">\n\t\t\t\t\t\t<div class=\"elementor-container elementor-column-gap-default\">\n\t\t\t\t\t<div class=\"elementor-column elementor-col-50 elementor-top-column elementor-element elementor-element-f4e2369\" data-id=\"f4e2369\" data-element_type=\"column\">\n\t\t\t<div class=\"elementor-widget-wrap elementor-element-populated\">\n\t\t\t\t\t\t<div class=\"elementor-element elementor-element-9b217a2 elementor-widget elementor-widget-heading\" data-id=\"9b217a2\" data-element_type=\"widget\" data-widget_type=\"heading.default\">\n\t\t\t\t<div class=\"elementor-widget-container\">\n\t\t\t<h1 class=\"elementor-heading-title elementor-size-default\">Rohrleitungsbau<\/h1>\t\t<\/div>\n\t\t\t\t<\/div>\n\t\t\t\t\t<\/div>\n\t\t<\/div>\n\t\t\t\t<div class=\"elementor-column elementor-col-50 elementor-top-column elementor-element elementor-element-9f755fe\" data-id=\"9f755fe\" data-element_type=\"column\">\n\t\t\t<div class=\"elementor-widget-wrap elementor-element-populated\">\n\t\t\t\t\t\t<div class=\"elementor-element elementor-element-7e70756 elementor-widget elementor-widget-image\" data-id=\"7e70756\" data-element_type=\"widget\" data-widget_type=\"image.default\">\n\t\t\t\t<div class=\"elementor-widget-container\">\n\t\t\t\t\t\t\t\t\t\t\t\t\t<img decoding=\"async\" width=\"1024\" height=\"683\" data-src=\"https:\/\/ghallab-technology.com\/wp-content\/uploads\/2023\/03\/Plant-Rohrleitung-min-1024x683.jpg\" class=\"attachment-large size-large wp-image-3567 lazyload\" alt=\"\" data-srcset=\"https:\/\/ghallab-technology.com\/wp-content\/uploads\/2023\/03\/Plant-Rohrleitung-min-1024x683.jpg 1024w, https:\/\/ghallab-technology.com\/wp-content\/uploads\/2023\/03\/Plant-Rohrleitung-min-300x200.jpg 300w, https:\/\/ghallab-technology.com\/wp-content\/uploads\/2023\/03\/Plant-Rohrleitung-min-768x512.jpg 768w, https:\/\/ghallab-technology.com\/wp-content\/uploads\/2023\/03\/Plant-Rohrleitung-min-1536x1024.jpg 1536w, https:\/\/ghallab-technology.com\/wp-content\/uploads\/2023\/03\/Plant-Rohrleitung-min-2048x1365.jpg 2048w\" data-sizes=\"(max-width: 1024px) 100vw, 1024px\" src=\"data:image\/gif;base64,R0lGODlhAQABAAAAACH5BAEKAAEALAAAAAABAAEAAAICTAEAOw==\" style=\"--smush-placeholder-width: 1024px; --smush-placeholder-aspect-ratio: 1024\/683;\" \/><noscript><img decoding=\"async\" width=\"1024\" height=\"683\" src=\"https:\/\/ghallab-technology.com\/wp-content\/uploads\/2023\/03\/Plant-Rohrleitung-min-1024x683.jpg\" class=\"attachment-large size-large wp-image-3567\" alt=\"\" srcset=\"https:\/\/ghallab-technology.com\/wp-content\/uploads\/2023\/03\/Plant-Rohrleitung-min-1024x683.jpg 1024w, https:\/\/ghallab-technology.com\/wp-content\/uploads\/2023\/03\/Plant-Rohrleitung-min-300x200.jpg 300w, https:\/\/ghallab-technology.com\/wp-content\/uploads\/2023\/03\/Plant-Rohrleitung-min-768x512.jpg 768w, https:\/\/ghallab-technology.com\/wp-content\/uploads\/2023\/03\/Plant-Rohrleitung-min-1536x1024.jpg 1536w, https:\/\/ghallab-technology.com\/wp-content\/uploads\/2023\/03\/Plant-Rohrleitung-min-2048x1365.jpg 2048w\" sizes=\"(max-width: 1024px) 100vw, 1024px\" \/><\/noscript>\t\t\t\t\t\t\t\t\t\t\t\t\t<\/div>\n\t\t\t\t<\/div>\n\t\t\t\t\t<\/div>\n\t\t<\/div>\n\t\t\t\t\t<\/div>\n\t\t<\/section>\n\t\t\t\t<section class=\"elementor-section elementor-top-section elementor-element elementor-element-b93c6ef elementor-section-boxed elementor-section-height-default elementor-section-height-default\" data-id=\"b93c6ef\" data-element_type=\"section\">\n\t\t\t\t\t\t<div class=\"elementor-container elementor-column-gap-default\">\n\t\t\t\t\t<div class=\"elementor-column elementor-col-100 elementor-top-column elementor-element elementor-element-dd3c0b8\" data-id=\"dd3c0b8\" data-element_type=\"column\">\n\t\t\t<div class=\"elementor-widget-wrap elementor-element-populated\">\n\t\t\t\t\t\t<div class=\"elementor-element elementor-element-f25b2f2 elementor-widget elementor-widget-spacer\" data-id=\"f25b2f2\" data-element_type=\"widget\" data-widget_type=\"spacer.default\">\n\t\t\t\t<div class=\"elementor-widget-container\">\n\t\t\t\t\t<div class=\"elementor-spacer\">\n\t\t\t<div class=\"elementor-spacer-inner\"><\/div>\n\t\t<\/div>\n\t\t\t\t<\/div>\n\t\t\t\t<\/div>\n\t\t\t\t\t<\/div>\n\t\t<\/div>\n\t\t\t\t\t<\/div>\n\t\t<\/section>\n\t\t\t\t<\/div>\n\t\t","protected":false},"excerpt":{"rendered":"<p>Wir verf\u00fcgen \u00fcber Vielzahl an industrieller Projektreferenzen in den Bereichen wie Sondermaschinenbau, Schwei\u00dftechnik und Metallbau. Unser fachkompetentes Team verfolgt stets neue Herausforderungen und realisiert die unterschiedlichsten Projekte fachgerecht und in Zeitplan. Maschinen- und Anlagenbau Als Entwickler und Hersteller von industriellen Anlagen und Sondermaschinen stehen als zuverl\u00e4ssiger Partner an der Seite unseren Kunden und schaffen somit [&hellip;]<\/p>\n","protected":false},"author":4,"featured_media":0,"parent":0,"menu_order":0,"comment_status":"closed","ping_status":"closed","template":"","meta":{"footnotes":""},"class_list":["post-3554","page","type-page","status-publish","hentry","entry"],"_links":{"self":[{"href":"https:\/\/ghallab-technology.com\/index.php?rest_route=\/wp\/v2\/pages\/3554","targetHints":{"allow":["GET"]}}],"collection":[{"href":"https:\/\/ghallab-technology.com\/index.php?rest_route=\/wp\/v2\/pages"}],"about":[{"href":"https:\/\/ghallab-technology.com\/index.php?rest_route=\/wp\/v2\/types\/page"}],"author":[{"embeddable":true,"href":"https:\/\/ghallab-technology.com\/index.php?rest_route=\/wp\/v2\/users\/4"}],"replies":[{"embeddable":true,"href":"https:\/\/ghallab-technology.com\/index.php?rest_route=%2Fwp%2Fv2%2Fcomments&post=3554"}],"version-history":[{"count":34,"href":"https:\/\/ghallab-technology.com\/index.php?rest_route=\/wp\/v2\/pages\/3554\/revisions"}],"predecessor-version":[{"id":3633,"href":"https:\/\/ghallab-technology.com\/index.php?rest_route=\/wp\/v2\/pages\/3554\/revisions\/3633"}],"wp:attachment":[{"href":"https:\/\/ghallab-technology.com\/index.php?rest_route=%2Fwp%2Fv2%2Fmedia&parent=3554"}],"curies":[{"name":"wp","href":"https:\/\/api.w.org\/{rel}","templated":true}]}}